n 23 is divided by u.
11
Suppose -15*o - 8 = -19*o. Suppose -5*s = -89 - 141. Suppose -4*j - 5*g = -31, -j - o*g + s = 3*j. What is the remainder when j is divided by 5?
4
Let c(k) = 3*k**3 - 10*k**2 - 4*k - 1. Let d(f) = f**3 - f**2. Let r(t) = c(t) - 5*d(t). Calculate the remainder when 79 is divided by r(-3).
19
Suppose m = -4*x - 0*m + 100, 3*m = 4*x - 84. What is the remainder when x is divided by 6?
0
Suppose -5*o = -2*f - f - 19, o = 3*f + 11. Suppose t = -o*t - 15. What is the remainder when (12/(-7))/(t/35) is divided by 7?
5
Let x(c) = -5*c - 3. Suppose -r - 15*k + 18*k = -13, -3*r + 2*k = -39. Calculate the remainder when r is divided by x(-2).
6
Let k(s) = 16*s**2 + 5*s. Let i(w) = 47*w**2 + 14*w. Let g(a) = 6*i(a) - 17*k(a). Calculate the remainder when g(1) is divided by 4.
1
Let l = 73 + -64. Suppose -2*r + 41 + 9 = 0. What is the remainder when r is divided by l?
7
Let w = -35 - -77. Let n = -513 + 122. Calculate the remainder when w is divided by n/(-34) - 1/2.
9
Suppose -3*n + 9 = -9. Let h = -1 + n. Suppose -u + 4*p + 60 = u, -h*p - 57 = -2*u. Calculate the remainder when u is divided by 19.
17
Let u(o) = -5*o - 6. Let p be (12/(-10))/((-24)/(-80)). Calculate the remainder when 41 is divided by u(p).
13
Let i = 126 + -92. What is the remainder when 124 is divided by i?
22
Let u = -4 + 7. Suppose l + 4*n = n + 12, -u*l + 4*n = -49. What is the remainder when 43 is divided by l?
13
Suppose -2*v - f + 5*f + 12 = 0, 5*v = 3*f + 30. Suppose v*z - 25 = z. Let i = 46 + -27. What is the remainder when i is divided by z?
4
Suppose 30 = 2*v + 2*g, 3*v - 10 = 2*g + 10. What is the remainder when 60/210 - 271/(-7) is divided by v?
9
Let i(z) = 2 + 6*z + 0*z + 4*z - 2*z. What is the remainder when i(5) is divided by 11?
9
Let s(q) = 4 - 6*q + 0*q**2 - q**2 + 5*q. Let r be s(0). Suppose -j = 1, r*x + 0*j - 2*j - 70 = 0. What is the remainder when 49 is divided by x?
15
Suppose 3*v = -0*v + 57. Let f = v + 0. Let u = -15 - -51. Calculate the remainder when u is divided by f.
17
Let o(m) = 46*m**3 + m**2. Calculate the remainder when o(1) is divided by 13.
8
Suppose -5*j + 45 = -5*u, -2*u = -5*j + 22 + 20. What is the remainder when 61 is divided by j?
5
Suppose -4*i = -9*i + 345. Let h = -13 + i. Let w(j) = 4*j**2 + 5*j - 2. What is the remainder when h is divided by w(-3)?
18
Let t = -8 + 12. Calculate the remainder when t is divided by (-1 - (-7)/5)*5.
0
Let z(k) = k - 3 + 15*k - 16 - k. What is the remainder when z(8) is divided by 26?
23
Suppose -r + 21 = 2*r. Let q be 1/(-1 + 0) - -14. Let o = q - r. Calculate the remainder when 17 is divided by o.
5
Let d be (-171)/(-15) - (-6)/(-15). Let a = d - 7. Suppose -5*q + 2*v - v + 187 = 0, -a*q + 140 = -4*v. What is the remainder when q is divided by 20?
18
Suppose s + 132 = 4*s. Calculate the remainder when s is divided by 15.
14
Suppose 186 = 3*f + 27. What is the remainder when f is divided by 18?
17
Suppose 4*a - n = 96, 5*a + 0*a - n = 120. Let p = a + -15. What is the remainder when p is divided by 3?
0
Suppose -2*p + 5 = 1. Calculate the remainder when (-2)/(-2) + (-3)/(-1) is divided by p.
0
Let p(i) = -i**3 - 6*i**2 + 2. Let y be p(-6). Let n = y + -4. Calculate the remainder when (-1)/(n/16) - -2 is divided by 6.
4
Let s be (-3)/12*3*-4. Let l = 12 + 3. Suppose -24 = -5*n + s*b - 3, -5*b = -l. What is the remainder when 11 is divided by n?
5
What is the remainder when 23 is divided by 6/(-3)*(-25)/10?
3
Suppose 4*d = -3*k + 60, -5*d + d = -k + 4. What is the remainder when 46 is divided by (k/(-10))/(1/(-10))?
14
Suppose 791 = -4*r - 2*q + 43, 2*r - 4*q + 394 = 0. Suppose -3*n = 5*l - 57, -23 = -4*l + l + n. What is the remainder when (-4)/22 - r/11 is divided by l?
8
Let v(t) = t**2 - 5*t - 2. Suppose 0*b = -3*b + 6. Suppose -4*s - b*d - 2*d + 36 = 0, -2*s + 16 = d. Calculate the remainder when s is divided by v(6).
3
Suppose -11 = -5*c + 3*j, 2*c + 3*j - 22 = -5. Suppose -c*m + 20 = -12. Calculate the remainder when m is divided by 2/5 - 23/(-5).
3
Let j = -44 + 81. Suppose -12 = 3*l - 51. Calculate the remainder when j is divided by l.
11
Suppose -w - 3*q + 25 = w, 4*w = -q + 65. Let a(i) = -7*i**3 - 2*i**2 + 1. What is the remainder when a(-2) is divided by w?
15
Suppose -4*d + 13 - 43 = -2*l, -l = 5*d + 41. Let g = 18 + d. What is the remainder when g is divided by (-6)/4*-12*1/3?
4
Let c(a) = -a + 2. Calculate the remainder when 10 is divided by c(-2).
2
Let t = -9 + 22. Calculate the remainder when 24 is divided by t.
11
Suppose -6*y = -2*y + g - 80, -20 = -5*g. Let c = 3 - -2. Let d = c - -5. What is the remainder when y is divided by d?
9
Suppose -10*g - 109 = -11*g. Calculate the remainder when g is divided by 16.
13
What is the remainder when ((-50)/8)/(174/88 + -2) is divided by 56?
51
Let s be (-20)/8*(-8)/5. Let l be 11/s + 2/8. Suppose l*t = 4*t - 7. What is the remainder when t is divided by 3?
1
Calculate the remainder when 17 is divided by 2/((5/2)/5).
1
Let b = 121 - 46. Let p(q) = 2*q**2 + 4*q - 4. What is the remainder when b is divided by p(-5)?
23
Let x be (-2 + 2 + 1)/(-1). Let o = x + -2. Calculate the remainder when 47 is divided by 1/o - 98/(-6).
15
Suppose -5*b + 5*c + 30 = c, 5*c = 0. Suppose -i - a = b, 0 = 3*i - 4*a - 10. What is the remainder when 699/33 - i/(-11) is divided by 11?
10
Suppose g - 20 = -g. Calculate the remainder when 3 - 0 - 33/(-1) is divided by g.
6
Let i = -5 + 7. Suppose b - 2*b + p = -5, -5*b = -i*p - 10. Suppose -5*f = 2*o - 60, f = 4 - b. Calculate the remainder when o is divided by 11.
9
Suppose -4*u - 3*j = -261, j = 4*u - 2*j - 291. Suppose -g - 2 = -3*i, i + 25 = -4*g + u. Calculate the remainder when 29 is divided by g.
9
Let u = -23 + 32. Let w(y) = y**3 - 7*y**2 - 12*y - 12. Calculate the remainder when w(u) is divided by 11.
9
Suppose 0*b + 3*b - 30 = 0. What is the remainder when 107 is divided by b?
7
Suppose 0*j - 238 = -7*j. What is the remainder when 101 is divided by j?
33
Suppose -3*l - r + 42 = r, 3*r - 70 = -5*l. Let j = l - 9. Suppose -3*p + 2*k + 23 = -90, -230 = -5*p - j*k. What is the remainder when p is divided by 14?
13
Let p(t) = t**3 + 4*t**2 - 2*t + 1. Calculate the remainder when 34 is divided by p(-4).
7
What is the remainder when 64 is divided by ((-6)/(-12))/(3/162)?
10
Let s(j) = 2*j - 5. Calculate the remainder when 39 is divided by s(6).
4
Let x = -7 - -13. Suppose -3*w + x*w - 105 = 0. What is the remainder when w is divided by (4 - 3 - -13) + (-4)/2?
11
Suppose 0 = -2*c - 17 + 59. Calculate the remainder when c is divided by 11.
10
Let w(g) = 9*g - 3. Let f(h) = -10*h + 3. Let b(v) = 2*f(v) + 3*w(v). Calculate the remainder when b(1) is divided by 4.
0
Let y = 1 + -1. Suppose h + y*h = 4. Calculate the remainder when 7 is divided by h.
3
What is the remainder when (1 + 0)/((-2)/(-182)) is divided by 23?
22
What is the remainder when (-10 - -4)*-8 + -3 is divided by 16?
13
Let m(d) = -4 + 1 - d**2 + 13*d - 1. Let p(u) = u**2 + 3*u - 7. Calculate the remainder when p(5) is divided by m(11).
15
Let c(q) = q + 1. Let n(i) = -3*i - 10. Let b(p) = -5*c(p) - n(p). Let o(s) = -s**2 - s + 1. Let f be o(-3). Calculate the remainder when b(f) is divided by 8.
7
Let h(k) = -2*k**3 - k**2. Let v be h(-1). Let a be (18/8)/(v/4). Suppose -2*q = q - a. Calculate the remainder when 7 is divided by q.
1
Let v = -14 - -16. Let u = 26 + v. Let h = 22 + -12. Calculate the remainder when u is divided by h.
8
Suppose 13 = l - 51. Calculate the remainder when l is divided by 34.
30
Let h(o) = 3*o**2 + 8*o - 5. What is the remainder when h(-6) is divided by 19?
17
Let b(k) = k**3 + 4*k**2 + 4*k + 2. Let j be b(-2). What is the remainder when 26 is divided by (-14)/4*(-4 + j)?
5
Suppose -3*o = -7 - 35. What is the remainder when 82 is divided by o?
12
Suppose 2*c = -0*c + 10. Let l(a) = a**2 + a + 2. Let q be l(-2). Suppose q*w + 0*f + f - 13 = 0, w - f + 3 = 0. Calculate the remainder when c is divided by w.
1
Suppose 13*v - 63 = 4*v. Suppose 2*z - 64 = 4*l, -4*z - 5*l = -0*l - 89. Calculate the remainder when z is divided by v.
5
Let q be (1*3)/((-2)/22). Let l = q - -46. Suppose 0 = 4*m + m - 25. What is the remainder when l is divided by m?
3
Let w = -13 - -7. Let s(p) = 2*p**2 - 20*p + 12. Let q(k) = k**2 -